{"id":3730,"date":"2023-12-01T11:27:23","date_gmt":"2023-12-01T04:27:23","guid":{"rendered":"https:\/\/muanhanhthietbivesinh.vn\/?post_type=product&#038;p=3730"},"modified":"2023-12-01T11:33:27","modified_gmt":"2023-12-01T04:33:27","slug":"sen-cay-lanh-fluty-fsc-221l","status":"publish","type":"product","link":"https:\/\/muanhanhthietbivesinh.vn\/?product=sen-cay-lanh-fluty-fsc-221l","title":{"rendered":"Sen c\u00e2y L\u1ea1nh FLUTY FSC 221L"},"content":{"rendered":"<p><strong>Sen t\u1eafm \u0111\u1ee9ng m\u1ea1 chrome FSC 221L<\/strong><\/p>\n<p><strong>Sen t\u1eafm \u0111\u1ee9ng m\u1ea1 chrome FSC 221L<\/strong> \u0111\u01b0\u1ee3c l\u1ea5y ngu\u1ed3n c\u1ea3m h\u1ee9ng t\u1eeb phong c\u00e1ch Ch\u00e2u \u00c2u, kh\u00f4ng \u0111\u01a1n gi\u1ea3n l\u00e0 ho\u00e0n thi\u1ec7n v\u1ec1 m\u1eb7t h\u00ecnh th\u1ee9c m\u00e0 t\u1eebng chi ti\u1ebft ph\u1ea3i th\u1ef1c s\u1ef1 ho\u00e0n h\u1ea3o, gi\u00fap ch\u1ee7 s\u1ee1 h\u1eefu kh\u1eb3ng \u0111\u1ecbnh \u0111\u01b0\u1ee3c gu ki\u1ebfn tr\u00fac \u0111\u1ed9c \u0111\u00e1o.<\/p>\n<p>&nbsp;<\/p>\n<p>B\u1ec1 m\u1eb7t b\u1ed9 sen t\u1eafm \u0111\u01b0\u1ee3c x\u1eed l\u00fd m\u1ea1 chrome k\u1ef9 l\u01b0\u1ee1ng, s\u00e1ng b\u00f3ng kh\u00f4ng t\u00ec v\u1ebft, k\u1ebft h\u1ee3p v\u1edbi c\u00e1c chi ti\u1ebft b\u1ecdc s\u1ee9 ceramic kh\u00e1 tinh t\u1ebf v\u1edbi gam m\u00e0u s\u00e1ng, t\u1ea1o n\u00ean m\u1ed9t t\u1ed5ng th\u1ec3 ho\u00e0n h\u1ea3o.<\/p>\n<p><strong>Sen t\u1eafm \u0111\u1ee9ng m\u1ea1 chrome FSC 221L<\/strong> \u0111\u01b0\u1ee3c ch\u1ebf t\u00e1c t\u1eeb ch\u1ea5t li\u1ec7u \u0111\u1ed3ng thau \u0111\u00fac ch\u1ea5t l\u01b0\u1ee3ng cao, b\u1ec1 m\u1eb7t m\u1ea1 chrome s\u00e1ng b\u00f3ng, ch\u1ecbu \u0111\u01b0\u1ee3c nhi\u1ec7t, kh\u00f3 b\u1ecb hoen \u1ed1 trong qu\u00e1 tr\u00ecnh s\u1eed d\u1ee5ng v\u00e0 \u0111\u1ed9 b\u1ec1n b\u1ec9 cao.<\/p>\n<p><img loading=\"lazy\" decoding=\"async\" src=\"https:\/\/thanhgiaphat.vn\/uploads\/source\/san-pham-ma-chrome-da-chinh-sua\/tgp100\/tgp100-2.jpg\" alt=\"\" width=\"5362\" height=\"4000\" \/><\/p>\n<p><img decoding=\"async\" src=\"https:\/\/thanhgiaphat.vn\/uploads\/source\/san-pham-ma-chrome-da-chinh-sua\/tgp100\/tgp100-3.jpg\" alt=\"\" \/><\/p>\n<p>B\u00e1t sen r\u1ed9ng v\u1edbi \u0111\u01b0\u1eddng k\u00ednh kho\u1ea3ng 20cm, v\u1edbi h\u1ec7 th\u1ed1ng b\u00e1t phun m\u01b0a m\u1ea1nh m\u1ebd t\u1eeb c\u00e1c l\u1ed7 nh\u1ecf li ti tr\u00ean b\u1ec1 m\u1eb7t, gi\u00fap \u0111em l\u1ea1i c\u1ea3m gi\u00e1c s\u1ea3ng kho\u00e1i nh\u01b0 t\u1eafm m\u01b0a, tho\u1ea3i m\u00e1i, th\u01b0 gi\u00e3n, t\u1ef1 t\u1ea1i.<\/p>\n<p><img loading=\"lazy\" decoding=\"async\" src=\"https:\/\/thanhgiaphat.vn\/uploads\/source\/san-pham-ma-chrome-da-chinh-sua\/tgp100\/tgp100-4.jpg\" alt=\"\" width=\"6000\" height=\"4000\" \/><\/p>\n<p>\u0110\u1ec3 mang l\u1ea1i s\u1ef1 ti\u1ec7n l\u1ee3i v\u00e0 \u0111\u1ed3ng \u0111i\u1ec7u kh\u00f4ng gian, c\u00f3 th\u1ec3 k\u1ebft h\u1ee3p th\u00eam c\u00e1c thi\u1ebft b\u1ecb nh\u01b0 g\u01b0\u01a1ng trang \u0111i\u1ec3m treo t\u01b0\u1eddng m\u1ea1 chrome, ph\u1ee5 ki\u1ec7n ph\u00f2ng t\u1eafm b\u1eb1ng \u0111\u1ed3ng m\u1ea1 chrome, ph\u1ec5u tho\u00e1t s\u00e0n m\u1ea1 chrome,\u2026<\/p>\n<p><img decoding=\"async\" src=\"https:\/\/thanhgiaphat.vn\/uploads\/source\/san-pham-ma-chrome-da-chinh-sua\/tgp100\/tgp100-11.jpg\" alt=\"\" \/><\/p>\n<p><b>NPP NGUY\u00caN PH\u00c1T HOME<\/b><\/p>\n<p>Showroom: 216\/3 L\u00ea V\u0103n Qu\u1edbi, P. BHH A, Q. B\u00ecnh T\u00e2n , TP.HCM<\/p>\n<p>Hotline: 0938.028.468<\/p>\n<p>ZALO : 09666.58068<\/p>\n<p>&nbsp;<\/p>\n","protected":false},"excerpt":{"rendered":"<div class=\"wcmc-price-detail\">\n<p class=\"price\"><span style=\"font-size: 20.15999984741211px; color: #282828;\">M\u00f4 t\u1ea3 s\u1ea3n ph\u1ea9m<\/span><\/p>\n<\/div>\n<div class=\"description\">\n<p><span style=\"color: #282828;\">Th\u01b0\u01a1ng hi\u1ec7u: FLUTY<\/span><\/p>\n<p><span style=\"color: #282828;\">M\u00e3: FSC 221L<\/span><\/p>\n<p><span style=\"color: #282828;\">Lo\u1ea1i: Sen t\u1eafm \u0111\u1ee9ng phong c\u00e1ch hi\u1ec7n \u0111\u1ea1i<\/span><\/p>\n<p><span style=\"color: #282828;\">Ch\u1ea5t li\u1ec7u: \u0110\u1ed3ng thau ph\u1ee7 m\u1ea1 chrome<\/span><\/p>\n<p><span style=\"color: #282828;\">B\u1ea3o h\u00e0nh: 03 n\u0103m<\/span><\/p>\n<p>&nbsp;<\/p>\n<\/div>\n<div class=\"social-block\">\n<div class=\"social-btns\"><\/div>\n<\/div>\n","protected":false},"featured_media":3647,"comment_status":"open","ping_status":"closed","template":"","meta":[],"product_cat":[239],"product_tag":[343,403,349,325,405,404,370],"_links":{"self":[{"href":"https:\/\/muanhanhthietbivesinh.vn\/index.php?rest_route=\/wp\/v2\/product\/3730"}],"collection":[{"href":"https:\/\/muanhanhthietbivesinh.vn\/index.php?rest_route=\/wp\/v2\/product"}],"about":[{"href":"https:\/\/muanhanhthietbivesinh.vn\/index.php?rest_route=\/wp\/v2\/types\/product"}],"replies":[{"embeddable":true,"href":"https:\/\/muanhanhthietbivesinh.vn\/index.php?rest_route=%2Fwp%2Fv2%2Fcomments&post=3730"}],"wp:featuredmedia":[{"embeddable":true,"href":"https:\/\/muanhanhthietbivesinh.vn\/index.php?rest_route=\/wp\/v2\/media\/3647"}],"wp:attachment":[{"href":"https:\/\/muanhanhthietbivesinh.vn\/index.php?rest_route=%2Fwp%2Fv2%2Fmedia&parent=3730"}],"wp:term":[{"taxonomy":"product_cat","embeddable":true,"href":"https:\/\/muanhanhthietbivesinh.vn\/index.php?rest_route=%2Fwp%2Fv2%2Fproduct_cat&post=3730"},{"taxonomy":"product_tag","embeddable":true,"href":"https:\/\/muanhanhthietbivesinh.vn\/index.php?rest_route=%2Fwp%2Fv2%2Fproduct_tag&post=3730"}],"curies":[{"name":"wp","href":"https:\/\/api.w.org\/{rel}","templated":true}]}}