{"id":3495,"date":"2023-05-21T15:04:43","date_gmt":"2023-05-21T08:04:43","guid":{"rendered":"https:\/\/muanhanhthietbivesinh.vn\/?post_type=product&#038;p=3495"},"modified":"2023-05-21T15:04:43","modified_gmt":"2023-05-21T08:04:43","slug":"chau-rua-mat-da-tu-nhien-dtn10","status":"publish","type":"product","link":"https:\/\/muanhanhthietbivesinh.vn\/?product=chau-rua-mat-da-tu-nhien-dtn10","title":{"rendered":"Ch\u1eadu R\u1eeda M\u1eb7t \u0110\u00e1 T\u1ef1 Nhi\u00ean DTN10"},"content":{"rendered":"<h2><strong>\u0110\u1eb7c \u0111i\u1ec3m\u00a0<a href=\"https:\/\/muanhanhthietbivesinh.vn\/?p=3372\">lavabo \u0111\u00e1 t\u1ef1 nhi\u00ean<\/a><\/strong><\/h2>\n<ul>\n<li>Ch\u1eadu r\u1eeda (lavabo) \u0111\u01b0\u1ee3c xem l\u00e0 \u0111i\u1ec3m nh\u1ea5n trong thi\u1ebft k\u1ebf n\u1ed9i\/ngo\u1ea1i th\u1ea5t v\u1edbi phong c\u00e1ch g\u1ea7n g\u0169i thi\u00ean nhi\u00ean. S\u1ea3n ph\u1ea9m\u00a0\u0111\u01b0\u1ee3c l\u00e0m ho\u00e0n to\u00e0n b\u1eb1ng \u0111\u00e1 t\u1ef1 nhi\u00ean nguy\u00ean kh\u1ed1i, \u0111\u01b0\u1ee3c m\u00e0i, \u0111\u00e1nh b\u00f3ng ph\u00eda trong, bo tr\u00f2n xung quanh vi\u1ec1n**L\u01b0u \u00fd: S\u1ea3n ph\u1ea9m\u00a0<a href=\"https:\/\/muanhanhthietbivesinh.vn\/?product=chau-rua-mat-da-thien-nhien-phong-cach-rustic-dtn05\"><strong>Lavabo \u0111\u00e1 t\u1ef1 nhi\u00ean<\/strong><\/a>\u00a0\u0111\u01b0\u1ee3c ch\u1ebf t\u00e1c ho\u00e0n to\u00e0n b\u1eb1ng th\u1ee7 c\u00f4ng t\u1ec9 m\u1ec9 t\u1eebng \u0111\u01b0\u1eddng n\u00e9t. V\u00ec th\u1ebf, v\u1ec1 k\u00edch th\u01b0\u1edbc &amp; tr\u1ecdng l\u01b0\u1ee3ng c\u1ee7a\u00a0<strong>lavabo<\/strong>\u00a0s\u1ebd c\u00f3 sai s\u1ed1 nh\u1ecf.<strong>V\u00e2n \u0111\u00e1<\/strong>\u00a0l\u00e0 m\u1ed9t n\u00e9t \u0111\u1eb7c bi\u1ec7t c\u1ee7a lo\u1ea1i\u00a0<strong>Lavabo<\/strong>\u00a0(b\u1ed3n r\u1eeda m\u1eb7t) \u0111\u00e1 t\u1ef1 nhi\u00ean. B\u1edfi v\u00ec, m\u1ed7i\u00a0<strong>lavabo<\/strong>\u00a0\u0111\u01b0\u1ee3c l\u00e0m t\u1eeb m\u1ed9t kh\u1ed1i \u0111\u00e1 kh\u00e1c nhau, v\u00ec th\u1ebf v\u00e2n \u0111\u00e1 ho\u00e0n to\u00e0n kh\u00e1c nhau.<\/li>\n<li><img loading=\"lazy\" decoding=\"async\" class=\"alignnone size-full wp-image-3502\" src=\"https:\/\/muanhanhthietbivesinh.vn\/wp-content\/uploads\/2023\/05\/ecb4afa83d8ce3d2ba9d.jpeg\" alt=\"\" width=\"1280\" height=\"1280\" srcset=\"https:\/\/muanhanhthietbivesinh.vn\/wp-content\/uploads\/2023\/05\/ecb4afa83d8ce3d2ba9d.jpeg 1280w, https:\/\/muanhanhthietbivesinh.vn\/wp-content\/uploads\/2023\/05\/ecb4afa83d8ce3d2ba9d-300x300.jpeg 300w, https:\/\/muanhanhthietbivesinh.vn\/wp-content\/uploads\/2023\/05\/ecb4afa83d8ce3d2ba9d-1024x1024.jpeg 1024w, https:\/\/muanhanhthietbivesinh.vn\/wp-content\/uploads\/2023\/05\/ecb4afa83d8ce3d2ba9d-150x150.jpeg 150w, https:\/\/muanhanhthietbivesinh.vn\/wp-content\/uploads\/2023\/05\/ecb4afa83d8ce3d2ba9d-768x768.jpeg 768w, https:\/\/muanhanhthietbivesinh.vn\/wp-content\/uploads\/2023\/05\/ecb4afa83d8ce3d2ba9d-510x510.jpeg 510w, https:\/\/muanhanhthietbivesinh.vn\/wp-content\/uploads\/2023\/05\/ecb4afa83d8ce3d2ba9d-100x100.jpeg 100w\" sizes=\"(max-width: 1280px) 100vw, 1280px\" \/> <img loading=\"lazy\" decoding=\"async\" class=\"alignnone size-full wp-image-3501\" src=\"https:\/\/muanhanhthietbivesinh.vn\/wp-content\/uploads\/2023\/05\/d775f3736157bf09e646.jpeg\" alt=\"\" width=\"1280\" height=\"1280\" srcset=\"https:\/\/muanhanhthietbivesinh.vn\/wp-content\/uploads\/2023\/05\/d775f3736157bf09e646.jpeg 1280w, https:\/\/muanhanhthietbivesinh.vn\/wp-content\/uploads\/2023\/05\/d775f3736157bf09e646-300x300.jpeg 300w, https:\/\/muanhanhthietbivesinh.vn\/wp-content\/uploads\/2023\/05\/d775f3736157bf09e646-1024x1024.jpeg 1024w, https:\/\/muanhanhthietbivesinh.vn\/wp-content\/uploads\/2023\/05\/d775f3736157bf09e646-150x150.jpeg 150w, https:\/\/muanhanhthietbivesinh.vn\/wp-content\/uploads\/2023\/05\/d775f3736157bf09e646-768x768.jpeg 768w, https:\/\/muanhanhthietbivesinh.vn\/wp-content\/uploads\/2023\/05\/d775f3736157bf09e646-510x510.jpeg 510w, https:\/\/muanhanhthietbivesinh.vn\/wp-content\/uploads\/2023\/05\/d775f3736157bf09e646-100x100.jpeg 100w\" sizes=\"(max-width: 1280px) 100vw, 1280px\" \/><\/li>\n<li>\u00a0<img loading=\"lazy\" decoding=\"async\" class=\"alignnone size-full wp-image-3499\" src=\"https:\/\/muanhanhthietbivesinh.vn\/wp-content\/uploads\/2023\/05\/298f0d9e9fba41e418ab.jpeg\" alt=\"\" width=\"1280\" height=\"1280\" srcset=\"https:\/\/muanhanhthietbivesinh.vn\/wp-content\/uploads\/2023\/05\/298f0d9e9fba41e418ab.jpeg 1280w, https:\/\/muanhanhthietbivesinh.vn\/wp-content\/uploads\/2023\/05\/298f0d9e9fba41e418ab-300x300.jpeg 300w, https:\/\/muanhanhthietbivesinh.vn\/wp-content\/uploads\/2023\/05\/298f0d9e9fba41e418ab-1024x1024.jpeg 1024w, https:\/\/muanhanhthietbivesinh.vn\/wp-content\/uploads\/2023\/05\/298f0d9e9fba41e418ab-150x150.jpeg 150w, https:\/\/muanhanhthietbivesinh.vn\/wp-content\/uploads\/2023\/05\/298f0d9e9fba41e418ab-768x768.jpeg 768w, https:\/\/muanhanhthietbivesinh.vn\/wp-content\/uploads\/2023\/05\/298f0d9e9fba41e418ab-510x510.jpeg 510w, https:\/\/muanhanhthietbivesinh.vn\/wp-content\/uploads\/2023\/05\/298f0d9e9fba41e418ab-100x100.jpeg 100w\" sizes=\"(max-width: 1280px) 100vw, 1280px\" \/>\n<ul>\n<li><span style=\"font-size: 180%;\"><strong>Lavabo\u00a0<a href=\"https:\/\/muanhanhthietbivesinh.vn\/?product=chau-rua-mat-da-tu-nhien-van-marble-dtn01\">\u0110\u00e1 T\u1ef1 Nhi\u00ean<\/a>\u00a0Cho Kh\u00f4ng Gian Ki\u1ebfn Rustic<\/strong><\/span><\/li>\n<\/ul>\n<p>C\u00e1c m\u1eabu ch\u1eadu r\u1eeda m\u1eb7t \u0111\u1eb9p l\u00e0 nh\u1eefng thi\u1ebft b\u1ecb c\u00f3 ki\u1ec3u d\u00e1ng thi\u1ebft k\u1ebf, ch\u1ea5t li\u1ec7u t\u1ef1 nhi\u00ean ph\u00f9 h\u1ee3p d\u00e0nh cho kh\u00f4ng gian ki\u1ebfn tr\u00fac n\u1ed9i th\u1ea5t mang phong c\u00e1ch rustic, m\u1ed9c m\u1ea1c. Khi l\u1eafp \u0111\u1eb7t ho\u00e0n thi\u1ec7n s\u1ebd t\u1ea1o \u0111i\u1ec3m nh\u1ea5n \u0111\u1ed9c \u0111\u00e1o cho c\u1ea3nh quan ph\u00f2ng t\u1eafm, khu nh\u00e0 v\u1ec7 sinh v\u00e0 th\u1ec3 hi\u1ec7n c\u00e1 t\u00ednh m\u1ef9 thu\u1eadt ri\u00eang bi\u1ec7t c\u1ee7a gia ch\u1ee7.Th\u1eadt kh\u00f3 \u0111\u1ec3 kh\u1eb3ng \u0111\u1ecbnh v\u1ebb \u0111\u1eb9p c\u1ee7a m\u1ed9t kh\u00f4ng gian n\u1ed9i ngo\u1ea1i th\u1ea5t ph\u00f2ng t\u1eafm, v\u00ec m\u1ed7i ki\u1ec3u ki\u1ebfn tr\u00fac hay \u00fd t\u01b0\u1edfng, \u201cgu m\u1ef9 thu\u1eadt\u201d c\u1ee7a m\u1ed7i ng\u01b0\u1eddi l\u00e0 kh\u00e1c nhau. Tuy nhi\u00ean, v\u1ec1 t\u1ed5ng quan th\u00ec c\u00f4ng vi\u1ec7c decor v\u1eabn tu\u00e2n th\u1ee7 m\u1ed9t s\u1ed1 nguy\u00ean t\u1eafc c\u0103n b\u1ea3n nh\u01b0:\u00a0Y\u1ebfu t\u1ed1 c\u00e2n b\u1eb1ng, s\u1ef1 t\u01b0\u01a1ng quan k\u1ebft n\u1ed1i, t\u1ea1o \u0111i\u1ec3m nh\u1ea5n,\u2026 v\u00e0 t\u00ednh \u0111\u1ed3ng b\u1ed9 v\u1ec1 ki\u1ec3u d\u00e1ng, ch\u1ea5t li\u1ec7u.<\/p>\n<p>L\u1ea5y v\u00ed d\u1ee5, n\u1ebfu b\u1ea1n \u0111\u1eb7t chi\u1ebfc lavabo, ch\u1eadu r\u1eeda m\u1eb7t b\u1eb1ng men s\u1ee9 s\u00e1ng b\u00f3ng hi\u1ec7n \u0111\u1ea1i hay l\u1eafp \u0111\u1eb7t s\u1eed d\u1ee5ng v\u00f2i n\u01b0\u1edbc b\u1eb1ng inox mang t\u00ednh c\u00f4ng nghi\u1ec7p cao s\u1ebd ph\u00e1 v\u1ee1 ngay s\u1ef1 m\u1ed9c m\u1ea1c, \u1ea5m \u00e1p c\u1ee7a kh\u00f4ng gian ph\u00f2ng t\u1eafm theo xu h\u01b0\u1edbng sinh th\u00e1i, c\u1ed5 x\u01b0a.<\/li>\n<li><img loading=\"lazy\" decoding=\"async\" class=\"alignnone size-full wp-image-3498\" src=\"https:\/\/muanhanhthietbivesinh.vn\/wp-content\/uploads\/2023\/05\/72a6c1bc53988dc6d489.jpeg\" alt=\"\" width=\"1280\" height=\"1280\" srcset=\"https:\/\/muanhanhthietbivesinh.vn\/wp-content\/uploads\/2023\/05\/72a6c1bc53988dc6d489.jpeg 1280w, https:\/\/muanhanhthietbivesinh.vn\/wp-content\/uploads\/2023\/05\/72a6c1bc53988dc6d489-300x300.jpeg 300w, https:\/\/muanhanhthietbivesinh.vn\/wp-content\/uploads\/2023\/05\/72a6c1bc53988dc6d489-1024x1024.jpeg 1024w, https:\/\/muanhanhthietbivesinh.vn\/wp-content\/uploads\/2023\/05\/72a6c1bc53988dc6d489-150x150.jpeg 150w, https:\/\/muanhanhthietbivesinh.vn\/wp-content\/uploads\/2023\/05\/72a6c1bc53988dc6d489-768x768.jpeg 768w, https:\/\/muanhanhthietbivesinh.vn\/wp-content\/uploads\/2023\/05\/72a6c1bc53988dc6d489-510x510.jpeg 510w, https:\/\/muanhanhthietbivesinh.vn\/wp-content\/uploads\/2023\/05\/72a6c1bc53988dc6d489-100x100.jpeg 100w\" sizes=\"(max-width: 1280px) 100vw, 1280px\" \/>\n<ul>\n<li><strong>ch\u00fa \u00fd:<\/strong><br \/>\n<strong><em>\u2013 C\u00e1c ph\u1ee5 ki\u1ec7n nh\u01b0 v\u00f2i n\u01b0\u1edbc, b\u1ec7 \u0111\u1ec3, b\u1ed9 x\u1ea3, xiphong\u2026 Kh\u00f4ng bao g\u1ed3m, c\u00e1c ph\u1ee5 ki\u1ec7n n\u00e0y \u0111\u01b0\u1ee3c ch\u00fang t\u00f4i cung c\u1ea5p ri\u00eang.<br \/>\n\u2013 S\u1ea3n ph\u1ea9m ch\u1ebf t\u00e1c th\u1ee7 c\u00f4ng t\u1eeb \u0111\u00e1 nguy\u00ean kh\u1ed1i, t\u1eebng chi\u1ebfc ri\u00eang l\u1ebb n\u00ean k\u00edch th\u01b0\u1edbc v\u00e0 tr\u1ecdng l\u01b0\u1ee3ng ch\u1eadu \u0111\u00e1 c\u00f3 sai s\u1ed1 nh\u1ecf.<\/em><\/strong><\/li>\n<\/ul>\n<p><strong>NPP Nguy\u00ean Ph\u00e1t Home<\/strong><\/p>\n<p>Li\u00ean h\u1ec7 ngay\u00a0<a href=\"https:\/\/muanhanhthietbivesinh.vn\/?product=chau-da-cuoi-mau-vang\" data-type=\"product\" data-id=\"3337\">#NguyenphatHome<\/a>\u00a0\u0111\u1ec3 \u0111\u01b0\u1ee3c t\u01b0 v\u1ea5n v\u00e0 nh\u1eadn th\u00f4ng tin S\u1edbm Nh\u1ea5t<\/p>\n<p><strong>\u00a0Email: nguyenphathome@gmail.com<\/strong><br \/>\n<strong><img decoding=\"async\" class=\"emoji\" role=\"img\" draggable=\"false\" src=\"https:\/\/s.w.org\/images\/core\/emoji\/13.1.0\/svg\/1f30d.svg\" alt=\"\ud83c\udf0d\" \/>Website: https:\/\/muanhanhthietbivesinh.vn<\/strong><\/li>\n<li><\/li>\n<\/ul>\n","protected":false},"excerpt":{"rendered":"<div class=\"product-short-description\">\n<ul>\n<li><img loading=\"lazy\" decoding=\"async\" class=\"alignnone size-full wp-image-3500\" src=\"https:\/\/muanhanhthietbivesinh.vn\/wp-content\/uploads\/2023\/05\/cebc38b4aa9074ce2d81.jpeg\" alt=\"\" width=\"1280\" height=\"1280\" srcset=\"https:\/\/muanhanhthietbivesinh.vn\/wp-content\/uploads\/2023\/05\/cebc38b4aa9074ce2d81.jpeg 1280w, https:\/\/muanhanhthietbivesinh.vn\/wp-content\/uploads\/2023\/05\/cebc38b4aa9074ce2d81-300x300.jpeg 300w, https:\/\/muanhanhthietbivesinh.vn\/wp-content\/uploads\/2023\/05\/cebc38b4aa9074ce2d81-1024x1024.jpeg 1024w, https:\/\/muanhanhthietbivesinh.vn\/wp-content\/uploads\/2023\/05\/cebc38b4aa9074ce2d81-150x150.jpeg 150w, https:\/\/muanhanhthietbivesinh.vn\/wp-content\/uploads\/2023\/05\/cebc38b4aa9074ce2d81-768x768.jpeg 768w, https:\/\/muanhanhthietbivesinh.vn\/wp-content\/uploads\/2023\/05\/cebc38b4aa9074ce2d81-510x510.jpeg 510w, https:\/\/muanhanhthietbivesinh.vn\/wp-content\/uploads\/2023\/05\/cebc38b4aa9074ce2d81-100x100.jpeg 100w\" sizes=\"(max-width: 1280px) 100vw, 1280px\" \/> <img loading=\"lazy\" decoding=\"async\" class=\"alignnone size-full wp-image-3501\" src=\"https:\/\/muanhanhthietbivesinh.vn\/wp-content\/uploads\/2023\/05\/d775f3736157bf09e646.jpeg\" alt=\"\" width=\"1280\" height=\"1280\" srcset=\"https:\/\/muanhanhthietbivesinh.vn\/wp-content\/uploads\/2023\/05\/d775f3736157bf09e646.jpeg 1280w, https:\/\/muanhanhthietbivesinh.vn\/wp-content\/uploads\/2023\/05\/d775f3736157bf09e646-300x300.jpeg 300w, https:\/\/muanhanhthietbivesinh.vn\/wp-content\/uploads\/2023\/05\/d775f3736157bf09e646-1024x1024.jpeg 1024w, https:\/\/muanhanhthietbivesinh.vn\/wp-content\/uploads\/2023\/05\/d775f3736157bf09e646-150x150.jpeg 150w, https:\/\/muanhanhthietbivesinh.vn\/wp-content\/uploads\/2023\/05\/d775f3736157bf09e646-768x768.jpeg 768w, https:\/\/muanhanhthietbivesinh.vn\/wp-content\/uploads\/2023\/05\/d775f3736157bf09e646-510x510.jpeg 510w, https:\/\/muanhanhthietbivesinh.vn\/wp-content\/uploads\/2023\/05\/d775f3736157bf09e646-100x100.jpeg 100w\" sizes=\"(max-width: 1280px) 100vw, 1280px\" \/> <img loading=\"lazy\" decoding=\"async\" class=\"alignnone size-full wp-image-3502\" src=\"https:\/\/muanhanhthietbivesinh.vn\/wp-content\/uploads\/2023\/05\/ecb4afa83d8ce3d2ba9d.jpeg\" alt=\"\" width=\"1280\" height=\"1280\" srcset=\"https:\/\/muanhanhthietbivesinh.vn\/wp-content\/uploads\/2023\/05\/ecb4afa83d8ce3d2ba9d.jpeg 1280w, https:\/\/muanhanhthietbivesinh.vn\/wp-content\/uploads\/2023\/05\/ecb4afa83d8ce3d2ba9d-300x300.jpeg 300w, https:\/\/muanhanhthietbivesinh.vn\/wp-content\/uploads\/2023\/05\/ecb4afa83d8ce3d2ba9d-1024x1024.jpeg 1024w, https:\/\/muanhanhthietbivesinh.vn\/wp-content\/uploads\/2023\/05\/ecb4afa83d8ce3d2ba9d-150x150.jpeg 150w, https:\/\/muanhanhthietbivesinh.vn\/wp-content\/uploads\/2023\/05\/ecb4afa83d8ce3d2ba9d-768x768.jpeg 768w, https:\/\/muanhanhthietbivesinh.vn\/wp-content\/uploads\/2023\/05\/ecb4afa83d8ce3d2ba9d-510x510.jpeg 510w, https:\/\/muanhanhthietbivesinh.vn\/wp-content\/uploads\/2023\/05\/ecb4afa83d8ce3d2ba9d-100x100.jpeg 100w\" sizes=\"(max-width: 1280px) 100vw, 1280px\" \/> <img loading=\"lazy\" decoding=\"async\" class=\"alignnone size-full wp-image-3499\" src=\"https:\/\/muanhanhthietbivesinh.vn\/wp-content\/uploads\/2023\/05\/298f0d9e9fba41e418ab.jpeg\" alt=\"\" width=\"1280\" height=\"1280\" srcset=\"https:\/\/muanhanhthietbivesinh.vn\/wp-content\/uploads\/2023\/05\/298f0d9e9fba41e418ab.jpeg 1280w, https:\/\/muanhanhthietbivesinh.vn\/wp-content\/uploads\/2023\/05\/298f0d9e9fba41e418ab-300x300.jpeg 300w, https:\/\/muanhanhthietbivesinh.vn\/wp-content\/uploads\/2023\/05\/298f0d9e9fba41e418ab-1024x1024.jpeg 1024w, https:\/\/muanhanhthietbivesinh.vn\/wp-content\/uploads\/2023\/05\/298f0d9e9fba41e418ab-150x150.jpeg 150w, https:\/\/muanhanhthietbivesinh.vn\/wp-content\/uploads\/2023\/05\/298f0d9e9fba41e418ab-768x768.jpeg 768w, https:\/\/muanhanhthietbivesinh.vn\/wp-content\/uploads\/2023\/05\/298f0d9e9fba41e418ab-510x510.jpeg 510w, https:\/\/muanhanhthietbivesinh.vn\/wp-content\/uploads\/2023\/05\/298f0d9e9fba41e418ab-100x100.jpeg 100w\" sizes=\"(max-width: 1280px) 100vw, 1280px\" \/> <img loading=\"lazy\" decoding=\"async\" class=\"alignnone size-full wp-image-3498\" src=\"https:\/\/muanhanhthietbivesinh.vn\/wp-content\/uploads\/2023\/05\/72a6c1bc53988dc6d489.jpeg\" alt=\"\" width=\"1280\" height=\"1280\" srcset=\"https:\/\/muanhanhthietbivesinh.vn\/wp-content\/uploads\/2023\/05\/72a6c1bc53988dc6d489.jpeg 1280w, https:\/\/muanhanhthietbivesinh.vn\/wp-content\/uploads\/2023\/05\/72a6c1bc53988dc6d489-300x300.jpeg 300w, https:\/\/muanhanhthietbivesinh.vn\/wp-content\/uploads\/2023\/05\/72a6c1bc53988dc6d489-1024x1024.jpeg 1024w, https:\/\/muanhanhthietbivesinh.vn\/wp-content\/uploads\/2023\/05\/72a6c1bc53988dc6d489-150x150.jpeg 150w, https:\/\/muanhanhthietbivesinh.vn\/wp-content\/uploads\/2023\/05\/72a6c1bc53988dc6d489-768x768.jpeg 768w, https:\/\/muanhanhthietbivesinh.vn\/wp-content\/uploads\/2023\/05\/72a6c1bc53988dc6d489-510x510.jpeg 510w, https:\/\/muanhanhthietbivesinh.vn\/wp-content\/uploads\/2023\/05\/72a6c1bc53988dc6d489-100x100.jpeg 100w\" sizes=\"(max-width: 1280px) 100vw, 1280px\" \/> <img loading=\"lazy\" decoding=\"async\" class=\"alignnone size-full wp-image-3497\" src=\"https:\/\/muanhanhthietbivesinh.vn\/wp-content\/uploads\/2023\/05\/0f9bcc935eb780e9d9a6.jpeg\" alt=\"\" width=\"1280\" height=\"1280\" srcset=\"https:\/\/muanhanhthietbivesinh.vn\/wp-content\/uploads\/2023\/05\/0f9bcc935eb780e9d9a6.jpeg 1280w, https:\/\/muanhanhthietbivesinh.vn\/wp-content\/uploads\/2023\/05\/0f9bcc935eb780e9d9a6-300x300.jpeg 300w, https:\/\/muanhanhthietbivesinh.vn\/wp-content\/uploads\/2023\/05\/0f9bcc935eb780e9d9a6-1024x1024.jpeg 1024w, https:\/\/muanhanhthietbivesinh.vn\/wp-content\/uploads\/2023\/05\/0f9bcc935eb780e9d9a6-150x150.jpeg 150w, https:\/\/muanhanhthietbivesinh.vn\/wp-content\/uploads\/2023\/05\/0f9bcc935eb780e9d9a6-768x768.jpeg 768w, https:\/\/muanhanhthietbivesinh.vn\/wp-content\/uploads\/2023\/05\/0f9bcc935eb780e9d9a6-510x510.jpeg 510w, https:\/\/muanhanhthietbivesinh.vn\/wp-content\/uploads\/2023\/05\/0f9bcc935eb780e9d9a6-100x100.jpeg 100w\" sizes=\"(max-width: 1280px) 100vw, 1280px\" \/>Lavabo \u0111\u00e1 marble t\u1ef1 nhi\u00ean<\/li>\n<li>Tr\u1ecdng l\u01b0\u1ee3ng kho\u1ea3ng: +\/-15 (kg)\/chi\u1ebfc<\/li>\n<li>K\u00edch th\u01b0\u1edbc \u0111\u01b0\u1eddng k\u00ednh ph\u1ee7 b\u00ec 400mm x cao 150mm<\/li>\n<li>Ch\u1ea5t li\u1ec7u s\u1ea3n ph\u1ea9m b\u1eb1ng \u0111\u00e1 nguy\u00ean kh\u1ed1i t\u1ef1 nhi\u00ean, \u0111\u00e1 phi\u1ebfn nguy\u00ean, khai th\u00e1c m\u1ecf<\/li>\n<li>T\u00ean g\u1ecdi\/lo\u1ea1i \u0111\u00e1: \u0110\u00e1 v\u00e2n Marble (Ngh\u1ec7 An, Vi\u1ec7t Nam) ho\u1eb7c c\u00f3 th\u1ec3 c\u00f3 nhi\u1ec1u t\u00ean g\u1ecdi kh\u00e1c<\/li>\n<li>Xu\u1ea5t x\u1ee9: S\u1ea3n xu\u1ea5t t\u1ea1i Vi\u1ec7t Nam<\/li>\n<li><strong>Li\u00ean H\u1ec7 : \u0110\u1ec3 \u0110\u01b0\u1ee3c T\u01b0 V\u1ea5n Mi\u1ec5n Ph\u00ed V\u00e0 Gi\u00e1 \u01afu \u0110\u00e3i Nh\u1ea5t<\/strong><\/li>\n<\/ul>\n<\/div>\n<form class=\"cart\" action=\"https:\/\/muanhanhthietbivesinh.vn\/?product=lavabo-rua-mat-da-tu-nhien-xam-than-bau-dtn08\" enctype=\"multipart\/form-data\" method=\"post\">\n<div class=\"quantity buttons_added\"><\/div>\n<\/form>\n","protected":false},"featured_media":3502,"comment_status":"open","ping_status":"closed","template":"","meta":[],"product_cat":[256],"product_tag":[272,260,87,258,259,321,322],"_links":{"self":[{"href":"https:\/\/muanhanhthietbivesinh.vn\/index.php?rest_route=\/wp\/v2\/product\/3495"}],"collection":[{"href":"https:\/\/muanhanhthietbivesinh.vn\/index.php?rest_route=\/wp\/v2\/product"}],"about":[{"href":"https:\/\/muanhanhthietbivesinh.vn\/index.php?rest_route=\/wp\/v2\/types\/product"}],"replies":[{"embeddable":true,"href":"https:\/\/muanhanhthietbivesinh.vn\/index.php?rest_route=%2Fwp%2Fv2%2Fcomments&post=3495"}],"wp:featuredmedia":[{"embeddable":true,"href":"https:\/\/muanhanhthietbivesinh.vn\/index.php?rest_route=\/wp\/v2\/media\/3502"}],"wp:attachment":[{"href":"https:\/\/muanhanhthietbivesinh.vn\/index.php?rest_route=%2Fwp%2Fv2%2Fmedia&parent=3495"}],"wp:term":[{"taxonomy":"product_cat","embeddable":true,"href":"https:\/\/muanhanhthietbivesinh.vn\/index.php?rest_route=%2Fwp%2Fv2%2Fproduct_cat&post=3495"},{"taxonomy":"product_tag","embeddable":true,"href":"https:\/\/muanhanhthietbivesinh.vn\/index.php?rest_route=%2Fwp%2Fv2%2Fproduct_tag&post=3495"}],"curies":[{"name":"wp","href":"https:\/\/api.w.org\/{rel}","templated":true}]}}