{"id":3403,"date":"2023-03-17T19:35:55","date_gmt":"2023-03-17T12:35:55","guid":{"rendered":"https:\/\/muanhanhthietbivesinh.vn\/?post_type=product&#038;p=3403"},"modified":"2025-02-16T15:31:07","modified_gmt":"2025-02-16T08:31:07","slug":"chau-lavabo-da-tu-nhien-trang-dtn03","status":"publish","type":"product","link":"https:\/\/muanhanhthietbivesinh.vn\/?product=chau-lavabo-da-tu-nhien-trang-dtn03","title":{"rendered":"Ch\u1eadu Lavabo \u0110\u00e1 T\u1ef1 Nhi\u00ean Tr\u1eafng DTN03"},"content":{"rendered":"<h2><strong>\u0110\u1eb7c \u0111i\u1ec3m lavabo \u0111\u00e1 t\u1ef1 nhi\u00ean<\/strong><\/h2>\n<ul>\n<li>Ch\u1eadu r\u1eeda (lavabo) \u0111\u01b0\u1ee3c xem l\u00e0 \u0111i\u1ec3m nh\u1ea5n trong thi\u1ebft k\u1ebf n\u1ed9i\/ngo\u1ea1i th\u1ea5t v\u1edbi phong c\u00e1ch g\u1ea7n g\u0169i thi\u00ean nhi\u00ean. S\u1ea3n ph\u1ea9m\u00a0\u0111\u01b0\u1ee3c l\u00e0m ho\u00e0n to\u00e0n b\u1eb1ng \u0111\u00e1 t\u1ef1 nhi\u00ean nguy\u00ean kh\u1ed1i, \u0111\u01b0\u1ee3c m\u00e0i, \u0111\u00e1nh b\u00f3ng ph\u00eda trong, bo tr\u00f2n xung quanh vi\u1ec1n\n<ul>\n<li><strong>V\u00e2n \u0111\u00e1<\/strong>\u00a0l\u00e0 m\u1ed9t n\u00e9t \u0111\u1eb7c bi\u1ec7t c\u1ee7a lo\u1ea1i\u00a0<strong>lavabo<\/strong>\u00a0(b\u1ed3n r\u1eeda m\u1eb7t) \u0111\u00e1 t\u1ef1 nhi\u00ean. B\u1edfi v\u00ec, m\u1ed7i\u00a0<strong>lavabo<\/strong>\u00a0\u0111\u01b0\u1ee3c l\u00e0m t\u1eeb m\u1ed9t kh\u1ed1i \u0111\u00e1 kh\u00e1c nhau, v\u00ec th\u1ebf v\u00e2n \u0111\u00e1 ho\u00e0n to\u00e0n kh\u00e1c nhau.<\/li>\n<\/ul>\n<p>**L\u01b0u \u00fd: S\u1ea3n ph\u1ea9m\u00a0<strong>Lavabo \u0111\u00e1 t\u1ef1 nhi\u00ean<\/strong>\u00a0\u0111\u01b0\u1ee3c ch\u1ebf t\u00e1c ho\u00e0n to\u00e0n b\u1eb1ng th\u1ee7 c\u00f4ng t\u1ec9 m\u1ec9 t\u1eebng \u0111\u01b0\u1eddng n\u00e9t. V\u00ec th\u1ebf, v\u1ec1 k\u00edch th\u01b0\u1edbc &amp; tr\u1ecdng l\u01b0\u1ee3ng c\u1ee7a\u00a0<strong>lavabo<\/strong>\u00a0s\u1ebd c\u00f3 sai s\u1ed1 nh\u1ecf.<\/li>\n<li><img loading=\"lazy\" decoding=\"async\" class=\"alignnone size-full wp-image-3410\" src=\"https:\/\/muanhanhthietbivesinh.vn\/wp-content\/uploads\/2023\/03\/96fbdbe65503885dd112.jpeg\" alt=\"\" width=\"1280\" height=\"1280\" srcset=\"https:\/\/muanhanhthietbivesinh.vn\/wp-content\/uploads\/2023\/03\/96fbdbe65503885dd112.jpeg 1280w, https:\/\/muanhanhthietbivesinh.vn\/wp-content\/uploads\/2023\/03\/96fbdbe65503885dd112-300x300.jpeg 300w, https:\/\/muanhanhthietbivesinh.vn\/wp-content\/uploads\/2023\/03\/96fbdbe65503885dd112-1024x1024.jpeg 1024w, https:\/\/muanhanhthietbivesinh.vn\/wp-content\/uploads\/2023\/03\/96fbdbe65503885dd112-150x150.jpeg 150w, https:\/\/muanhanhthietbivesinh.vn\/wp-content\/uploads\/2023\/03\/96fbdbe65503885dd112-768x768.jpeg 768w, https:\/\/muanhanhthietbivesinh.vn\/wp-content\/uploads\/2023\/03\/96fbdbe65503885dd112-510x510.jpeg 510w, https:\/\/muanhanhthietbivesinh.vn\/wp-content\/uploads\/2023\/03\/96fbdbe65503885dd112-100x100.jpeg 100w\" sizes=\"(max-width: 1280px) 100vw, 1280px\" \/> <img loading=\"lazy\" decoding=\"async\" class=\"alignnone size-full wp-image-3409\" src=\"https:\/\/muanhanhthietbivesinh.vn\/wp-content\/uploads\/2023\/03\/85593bafbb4a66143f5b.jpeg\" alt=\"\" width=\"1280\" height=\"1280\" srcset=\"https:\/\/muanhanhthietbivesinh.vn\/wp-content\/uploads\/2023\/03\/85593bafbb4a66143f5b.jpeg 1280w, https:\/\/muanhanhthietbivesinh.vn\/wp-content\/uploads\/2023\/03\/85593bafbb4a66143f5b-300x300.jpeg 300w, https:\/\/muanhanhthietbivesinh.vn\/wp-content\/uploads\/2023\/03\/85593bafbb4a66143f5b-1024x1024.jpeg 1024w, https:\/\/muanhanhthietbivesinh.vn\/wp-content\/uploads\/2023\/03\/85593bafbb4a66143f5b-150x150.jpeg 150w, https:\/\/muanhanhthietbivesinh.vn\/wp-content\/uploads\/2023\/03\/85593bafbb4a66143f5b-768x768.jpeg 768w, https:\/\/muanhanhthietbivesinh.vn\/wp-content\/uploads\/2023\/03\/85593bafbb4a66143f5b-510x510.jpeg 510w, https:\/\/muanhanhthietbivesinh.vn\/wp-content\/uploads\/2023\/03\/85593bafbb4a66143f5b-100x100.jpeg 100w\" sizes=\"(max-width: 1280px) 100vw, 1280px\" \/><\/li>\n<\/ul>\n<p><strong>Video H\u01b0\u1edbng D\u1eabn C\u00e1ch Ph\u1ed1i &#8211; K\u1ebft H\u1ee3p Ch\u1eadu \u0110\u00e1 T\u1ef1 Nhi\u00ean V\u00e0 Thi\u1ebft B\u1ecb v\u00f2i x\u1ea3 c\u1ed5 \u0111i\u1ec3n\u00a0<\/strong><\/p>\n<blockquote><p>&#8211; Ch\u1eadu \u0110\u00e1 T\u1ef1 Nhi\u00ean Mang H\u01a1i H\u01b0\u1edbng Th\u00e2n Thi\u1ec7n V\u1edbi Tone M\u00e0u basic R\u1ea5t d\u1ec3 k\u1ebft h\u1ee3p V\u1edbi Ph\u1ee5 Ki\u1ec7n Sen v\u00f2i , \u0110\u1ed3ng Th\u1edbi V\u1edbi \u0110\u1ed9 b\u1ec1n cao v\u00e0 ch\u1ed1ng b\u00e1m b\u1ea9n, gi\u00fap kh\u00f4ng gian b\u1ea1n lu\u00f4n s\u1ea1ch s\u1ebd v\u00e0 ko k\u00e9m ph\u1ea7n sang trong<\/p>\n<p>-Ph\u1ee5 Ki\u1ec7n \u0110\u1ed3ng C\u1ed5 ho\u1eb7c \u0111\u1ed3ng \u0111en l\u00e0 hai tone m\u00e0u lu\u00f4n ph\u00f9 h\u1ee3p nh\u1ea5t v\u1edbi d\u00f2ng lavabo n\u00e0y. V\u1edbi M\u1eabu m\u00e3 Phong ph\u00fa , c\u00e1c b\u1ea1n tha h\u1ed3 l\u1ef1a ch\u1ecdn v\u00e0 ph\u1ed1i Theo s\u1edf th\u00edch .<\/p><\/blockquote>\n<p>&nbsp;<\/p>\n<p><iframe loading=\"lazy\" title=\"M\u1eabu lavabo \u0111\u00e1 tr\u1eafng \u0111\u1eb9p cho kh\u00f4ng gian nh\u00e0 b\u1ea1n\" width=\"1020\" height=\"574\" src=\"https:\/\/www.youtube.com\/embed\/C4KNMa8djPA?feature=oembed\" frameborder=\"0\" allow=\"accelerometer; autoplay; clipboard-write; encrypted-media; gyroscope; picture-in-picture; web-share\" allowfullscreen><\/iframe><\/p>\n<ul>\n<li><strong>C\u00e1ch Ph\u1ed1i Ch\u1eadu \u0110\u00e1 T\u1ef1 Nhi\u00ean V\u1edbi Sen V\u00f2i Sao Cho Ph\u00f9 H\u1ee3p<\/strong><\/li>\n<li><strong>ch\u00fa \u00fd:<\/strong><br \/>\n<em>\u2013 C\u00e1c ph\u1ee5 ki\u1ec7n nh\u01b0 v\u00f2i n\u01b0\u1edbc, b\u1ec7 \u0111\u1ec3, b\u1ed9 x\u1ea3, xiphong\u2026 Kh\u00f4ng bao g\u1ed3m, c\u00e1c ph\u1ee5 ki\u1ec7n n\u00e0y \u0111\u01b0\u1ee3c ch\u00fang t\u00f4i cung c\u1ea5p ri\u00eang.<br \/>\n\u2013 S\u1ea3n ph\u1ea9m ch\u1ebf t\u00e1c th\u1ee7 c\u00f4ng t\u1eeb \u0111\u00e1 nguy\u00ean kh\u1ed1i, t\u1eebng chi\u1ebfc ri\u00eang l\u1ebb n\u00ean k\u00edch th\u01b0\u1edbc v\u00e0 tr\u1ecdng l\u01b0\u1ee3ng ch\u1eadu \u0111\u00e1 c\u00f3 sai s\u1ed1 nh\u1ecf.<\/em><span style=\"font-size: 130%; color: #800000;\"><strong>NPP Nguy\u00ean Ph\u00e1t Home<\/strong><\/span>Li\u00ean h\u1ec7 ngay\u00a0<a href=\"https:\/\/muanhanhthietbivesinh.vn\/?product=chau-da-cuoi-mau-vang\" data-type=\"product\" data-id=\"3337\">#NguyenphatHome<\/a>\u00a0\u0111\u1ec3 \u0111\u01b0\u1ee3c t\u01b0 v\u1ea5n v\u00e0 nh\u1eadn th\u00f4ng tin S\u1edbm Nh\u1ea5t<span style=\"color: #0000ff;\"><strong><img decoding=\"async\" class=\"emoji\" role=\"img\" draggable=\"false\" src=\"https:\/\/s.w.org\/images\/core\/emoji\/13.1.0\/svg\/1f4e7.svg\" alt=\"\ud83d\udce7\" \/>\u00a0Email: nguyenphathome@gmail.com<\/strong><\/span><br \/>\n<span style=\"color: #0000ff;\"><strong><img decoding=\"async\" class=\"emoji\" role=\"img\" draggable=\"false\" src=\"https:\/\/s.w.org\/images\/core\/emoji\/13.1.0\/svg\/1f30d.svg\" alt=\"\ud83c\udf0d\" \/>Website: https:\/\/muanhanhthietbivesinh.vn<\/strong><\/span><\/li>\n<li><\/li>\n<\/ul>\n","protected":false},"excerpt":{"rendered":"<ul>\n<li>Lavabo \u0111\u00e1 marble t\u1ef1 nhi\u00ean<\/li>\n<li>Tr\u1ecdng l\u01b0\u1ee3ng kho\u1ea3ng: +\/-15 (kg)\/chi\u1ebfc<\/li>\n<li>K\u00edch th\u01b0\u1edbc \u0111\u01b0\u1eddng k\u00ednh ph\u1ee7 b\u00ec 400mm x cao 150mm<\/li>\n<li>Ch\u1ea5t li\u1ec7u s\u1ea3n ph\u1ea9m b\u1eb1ng \u0111\u00e1 nguy\u00ean kh\u1ed1i t\u1ef1 nhi\u00ean, \u0111\u00e1 phi\u1ebfn nguy\u00ean, khai th\u00e1c m\u1ecf<\/li>\n<li>T\u00ean g\u1ecdi\/lo\u1ea1i \u0111\u00e1: \u0110\u00e1 v\u00e2n Marble (Ngh\u1ec7 An, Vi\u1ec7t Nam) ho\u1eb7c c\u00f3 th\u1ec3 c\u00f3 nhi\u1ec1u t\u00ean g\u1ecdi kh\u00e1c<\/li>\n<li>Xu\u1ea5t x\u1ee9: S\u1ea3n xu\u1ea5t t\u1ea1i Vi\u1ec7t Nam<\/li>\n<li><span style=\"color: #ed1c24;\"><strong>Li\u00ean H\u1ec7 : \u0110\u1ec3 \u0110\u01b0\u1ee3c T\u01b0 V\u1ea5n Mi\u1ec5n Ph\u00ed V\u00e0 Gi\u00e1 \u01afu \u0110\u00e3i Nh\u1ea5t<\/strong><\/span><\/li>\n<\/ul>\n","protected":false},"featured_media":3408,"comment_status":"open","ping_status":"closed","template":"","meta":[],"product_cat":[256],"product_tag":[280,278,96,285,98,284,279,282,283,281],"_links":{"self":[{"href":"https:\/\/muanhanhthietbivesinh.vn\/index.php?rest_route=\/wp\/v2\/product\/3403"}],"collection":[{"href":"https:\/\/muanhanhthietbivesinh.vn\/index.php?rest_route=\/wp\/v2\/product"}],"about":[{"href":"https:\/\/muanhanhthietbivesinh.vn\/index.php?rest_route=\/wp\/v2\/types\/product"}],"replies":[{"embeddable":true,"href":"https:\/\/muanhanhthietbivesinh.vn\/index.php?rest_route=%2Fwp%2Fv2%2Fcomments&post=3403"}],"wp:featuredmedia":[{"embeddable":true,"href":"https:\/\/muanhanhthietbivesinh.vn\/index.php?rest_route=\/wp\/v2\/media\/3408"}],"wp:attachment":[{"href":"https:\/\/muanhanhthietbivesinh.vn\/index.php?rest_route=%2Fwp%2Fv2%2Fmedia&parent=3403"}],"wp:term":[{"taxonomy":"product_cat","embeddable":true,"href":"https:\/\/muanhanhthietbivesinh.vn\/index.php?rest_route=%2Fwp%2Fv2%2Fproduct_cat&post=3403"},{"taxonomy":"product_tag","embeddable":true,"href":"https:\/\/muanhanhthietbivesinh.vn\/index.php?rest_route=%2Fwp%2Fv2%2Fproduct_tag&post=3403"}],"curies":[{"name":"wp","href":"https:\/\/api.w.org\/{rel}","templated":true}]}}