{"id":3080,"date":"2022-10-06T00:18:55","date_gmt":"2022-10-05T17:18:55","guid":{"rendered":"https:\/\/muanhanhthietbivesinh.vn\/?post_type=product&#038;p=3080"},"modified":"2022-10-06T00:18:55","modified_gmt":"2022-10-05T17:18:55","slug":"chau-rua-chen-da-nhan-tao-2-hoc-deu-crcd17t","status":"publish","type":"product","link":"https:\/\/muanhanhthietbivesinh.vn\/?product=chau-rua-chen-da-nhan-tao-2-hoc-deu-crcd17t","title":{"rendered":"Ch\u1eadu R\u1eeda Ch\u00e9n \u0110\u00e1 Nh\u00e2n T\u1ea1o 2 H\u1ed9c \u0110\u1ec1u CRCD17T"},"content":{"rendered":"<div class=\"pull-left\">\n<div id=\"image-additional\" class=\"image-additional slide carousel\">\n<div id=\"image-additional\" class=\"owl-carousel is-active owl-theme owl-carousel-init\" data-plugin-options=\"{&quot;items&quot;: 3, &quot;singleItem&quot;: false, &quot;autoPlay&quot;: false, &quot;navigation&quot;: true, &quot;pagination&quot;: false,&quot;slideSpeed&quot;:800,&quot;addClassActive&quot;:true,&quot;itemsDesktop&quot;: [1199, 4],&quot;itemsDesktopSmall&quot;: [991, 4],&quot;itemsTablet&quot;: [768, 4],&quot;itemsMobile&quot;: [479, 4]}\">\n<div class=\"owl-wrapper-outer\">\n<div class=\"owl-wrapper\">\n<div class=\"owl-item active\">\n<div class=\"item-image\"><\/div>\n<\/div>\n<\/div>\n<\/div>\n<\/div>\n<\/div>\n<\/div>\n<div class=\"pull-left meta-article\">\n<h1 class=\"title\">Ch\u1eadu r\u1eeda ch\u00e9n \u0111\u00e1 nh\u00e2n t\u1ea1o CRCD17<\/h1>\n<div class=\"share-article\"><img loading=\"lazy\" decoding=\"async\" class=\"alignnone size-full wp-image-3081\" src=\"https:\/\/muanhanhthietbivesinh.vn\/wp-content\/uploads\/2022\/10\/3c1e8c09b99a506f50da907cc55facc2_tn.jpeg\" alt=\"\" width=\"320\" height=\"320\" srcset=\"https:\/\/muanhanhthietbivesinh.vn\/wp-content\/uploads\/2022\/10\/3c1e8c09b99a506f50da907cc55facc2_tn.jpeg 320w, https:\/\/muanhanhthietbivesinh.vn\/wp-content\/uploads\/2022\/10\/3c1e8c09b99a506f50da907cc55facc2_tn-300x300.jpeg 300w, https:\/\/muanhanhthietbivesinh.vn\/wp-content\/uploads\/2022\/10\/3c1e8c09b99a506f50da907cc55facc2_tn-150x150.jpeg 150w, https:\/\/muanhanhthietbivesinh.vn\/wp-content\/uploads\/2022\/10\/3c1e8c09b99a506f50da907cc55facc2_tn-100x100.jpeg 100w\" sizes=\"(max-width: 320px) 100vw, 320px\" \/><\/div>\n<div class=\"property\"><span class=\"category\"><strong><i class=\"iconproperty fa fa-chevron-down\"><\/i>\u00a0Nh\u00f3m s\u1ea3n ph\u1ea9m<\/strong>\u00a0Ch\u1eadu r\u1eeda ch\u00e9n \u0111\u00e1 nh\u00e2n t\u1ea1o\u00a0<\/span><\/div>\n<div class=\"property\">\n<div class=\"clearfix\"><\/div>\n<div class=\"description short margin-top-20 margin-bottom-25\">\n<p class=\"fr-tag\">&#8211; Ch\u1eadu r\u1eeda ch\u00e9n ch\u1ea5t li\u1ec7u \u0111\u00e1 GRANITE nh\u00e2n t\u1ea1o<\/p>\n<p class=\"fr-tag\">&#8211; Ki\u1ec3u ch\u1eadu : 2\u00a0H\u1ed9c<\/p>\n<p class=\"fr-tag\">&#8211; M\u00e0u s\u1eafc : c\u00f3 nhi\u1ec1u m\u00e0u \u0111\u1ec3 l\u1ef1a ch\u1ecdn : \u0111en, tr\u1eafng, x\u00e1m, kem, mu\u1ed1i ti\u00eau, n\u00e2u&#8230;.<\/p>\n<p class=\"fr-tag\">&#8211; Ch\u1eadu c\u00f3 k\u00e8m b\u1ed9 x\u1ea3 v\u00e0 xiphong tho\u00e1t n\u01b0\u1edbc<\/p>\n<p class=\"fr-tag\">&#8211; Giao h\u00e0ng mi\u1ec5n ph\u00ed n\u1ed9i th\u00e0nh TP HCM<\/p>\n<p class=\"fr-tag\">&#8211; Gi\u1ea3m gi\u00e1 khi mua s\u1ed1 l\u01b0\u1ee3ng l\u1edbn<\/p>\n<p class=\"fr-tag\">&#8211; Gi\u00e1 kh\u00f4ng thay \u0111\u1ed5i khi ch\u1ecdn c\u00e1c m\u00e0u s\u1eafc kh\u00e1c nhau.<\/p>\n<p class=\"fr-tag\">&#8211; Ch\u1eadu \u0111\u1eb7t tr\u01b0\u1edbc t\u1eeb 1 \u0111\u1ebfn 2 ng\u00e0y m\u1edbi s\u1ea3n xu\u1ea5t v\u00e0 giao h\u00e0ng<\/p>\n<p class=\"fr-tag\">&#8211; Ch\u00fang t\u00f4i cam k\u1ebft lu\u00f4n lu\u00f4n b\u00e1n h\u00e0ng ch\u00ednh h\u00e3ng do Vi\u1ec7t M\u1ef9 s\u1ea3n xu\u1ea5t<\/p>\n<p class=\"fr-tag\">&#8211; K\u00edch th\u01b0\u1edbc : 985x 485&#215;220\u00a0mm<\/p>\n<p class=\"fr-tag\">&#8211; K\u00edch th\u01b0\u1edbc l\u00e0m \u0111\u00e1: Ch\u1eadu c\u00f3 bo tr\u00f2n n\u00ean qu\u00fd kh\u00e1ch ph\u1ea3i l\u1ea5y ch\u1eadu v\u1ec1 c\u1eaft \u0111\u00e1 \u0111\u1ec3 \u0111\u1ea1t \u0111\u01b0\u1ee3c n\u00e9t th\u1ea9m m\u1ef9 cao.<\/p>\n<p class=\"fr-tag\">&#8211; B\u1ea3o h\u00e0nh : 3 n\u0103m<\/p>\n<p><strong>C\u1eecA H\u00c0NG NGUY\u00caN PH\u00c1T HOME<\/strong><\/p>\n<p>\u0110\u1ecba ch\u1ec9 : H\u1ebbm 216\/3 L\u00ea V\u0103n Qu\u1edbi, p. BHH A, Q. B\u00ecnh T\u00e2n<\/p>\n<p>S\u0110T: 0938.028.468<\/p>\n<p>website :\u00a0<a href=\"https:\/\/muanhanhthietbivesinh.vn\/?product=lavabo-su-dat-ban-eve-l6024\">muanhanhthietbivesinh.vn<\/a><\/p>\n<p>Email : nguyenphathome@gmail.com<\/p>\n<p>&nbsp;<\/p>\n<p>&nbsp;<\/p>\n<\/div>\n<\/div>\n<\/div>\n","protected":false},"excerpt":{"rendered":"<p><span style=\"color: #ed1c24;\"><strong>M\u00f4 t\u1ea3 S\u1ea3n Ph\u1ea9m :<\/strong><\/span><\/p>\n<p><span style=\"color: #000000;\">M\u00e3 SP : <strong>CRCD17T<\/strong><\/span><\/p>\n<p><span style=\"color: #000000;\">N\u01b0\u1edbc S\u1ea3n Xu\u1ea5t : Vi\u1ec7t Nam<\/span><\/p>\n<p><span style=\"color: #000000;\">Lo\u1ea1i : Ch\u1eadu R\u1eeda Ch\u00e9n \u0111\u00e1 nh\u00e2n t\u1ea1o 2 h\u1ed9c<\/span><\/p>\n<p><span style=\"color: #000000;\">K\u00edch Th\u01b0\u1edbc : <strong>985 x 485 x 220 mm<\/strong><\/span><\/p>\n<p><span style=\"color: #000000;\">M\u00e0u : \u0110en \u00c1nh Kim<\/span><\/p>\n<p><span style=\"color: #000000;\">Ch\u1ea5t Li\u1ec7u : \u0110\u00e1 Granite Nh\u00e2n T\u1ea1o<\/span><\/p>\n<p><span style=\"color: #000000;\">B\u1ea3o H\u00e0nh : 3<strong>\u00a0n\u0103m\u00a0<\/strong><\/span><\/p>\n<p>&nbsp;<\/p>\n<p>&nbsp;<\/p>\n","protected":false},"featured_media":3081,"comment_status":"open","ping_status":"closed","template":"","meta":[],"product_cat":[59],"product_tag":[229,231,232,230],"_links":{"self":[{"href":"https:\/\/muanhanhthietbivesinh.vn\/index.php?rest_route=\/wp\/v2\/product\/3080"}],"collection":[{"href":"https:\/\/muanhanhthietbivesinh.vn\/index.php?rest_route=\/wp\/v2\/product"}],"about":[{"href":"https:\/\/muanhanhthietbivesinh.vn\/index.php?rest_route=\/wp\/v2\/types\/product"}],"replies":[{"embeddable":true,"href":"https:\/\/muanhanhthietbivesinh.vn\/index.php?rest_route=%2Fwp%2Fv2%2Fcomments&post=3080"}],"wp:featuredmedia":[{"embeddable":true,"href":"https:\/\/muanhanhthietbivesinh.vn\/index.php?rest_route=\/wp\/v2\/media\/3081"}],"wp:attachment":[{"href":"https:\/\/muanhanhthietbivesinh.vn\/index.php?rest_route=%2Fwp%2Fv2%2Fmedia&parent=3080"}],"wp:term":[{"taxonomy":"product_cat","embeddable":true,"href":"https:\/\/muanhanhthietbivesinh.vn\/index.php?rest_route=%2Fwp%2Fv2%2Fproduct_cat&post=3080"},{"taxonomy":"product_tag","embeddable":true,"href":"https:\/\/muanhanhthietbivesinh.vn\/index.php?rest_route=%2Fwp%2Fv2%2Fproduct_tag&post=3080"}],"curies":[{"name":"wp","href":"https:\/\/api.w.org\/{rel}","templated":true}]}}