{"id":3035,"date":"2022-10-04T23:21:34","date_gmt":"2022-10-04T16:21:34","guid":{"rendered":"https:\/\/muanhanhthietbivesinh.vn\/?post_type=product&#038;p=3035"},"modified":"2022-10-04T23:21:34","modified_gmt":"2022-10-04T16:21:34","slug":"3035","status":"publish","type":"product","link":"https:\/\/muanhanhthietbivesinh.vn\/?product=3035","title":{"rendered":""},"content":{"rendered":"<p><span style=\"color: #000000;\"><strong>K\u1ec7 s\u1eaft m\u1ef9 thu\u1eadt<\/strong>\u00a0<strong>EVEREST\u00ae<\/strong>\u0111\u01b0\u1ee3c l\u00e0m b\u1eb1ng s\u1eaft r\u00e8n m\u1ef9 thu\u1eadt, s\u01a1n ph\u1ee7 m\u00e0u \u0111\u1ed3ng \u0111en, k\u1ebft h\u1ee3p v\u1edbi m\u1eb7t \u0111\u00e1 ho\u1eb7c g\u1ed7, r\u1ed9ng \u0111\u1ee7 \u0111\u1ec3 th\u00eam ti\u1ec7n \u00edt nh\u01b0 b\u00ecnh hoa ho\u1eb7c b\u1ed9 ph\u1ee5 ki\u1ec7n ph\u00f2ng t\u1eafm m\u1ef9 ph\u1ea9m, kh\u0103n t\u1eafm, b\u00e0n ch\u1ea3i\u2026 Thi\u1ebft b\u1ecb \u0111\u01b0\u1ee3c ch\u1ebf t\u00e1c thi\u1ebft k\u1ebf ph\u00f9 h\u1ee3p v\u1edbi c\u00e1c lo\u1ea1i lavabo \u0111\u01a1n, l\u1eafp n\u1ed5i tr\u00ean m\u1eb7t b\u00e0n ho\u1eb7c \u0111\u1ec3 \u0111\u1ee9ng, c\u00e1c lo\u1ea1i ch\u1ea5t li\u1ec7u lavabo s\u1ee9 m\u1ef9 thu\u1eadt, \u0111\u00e1 t\u1ef1 nhi\u00ean, k\u00ednh, \u0111i\u1ec1u t\u01b0\u01a1ng x\u1ee9ng ph\u00f9 h\u1ee3p.<\/span><\/p>\n<p><img loading=\"lazy\" decoding=\"async\" src=\"https:\/\/thanhgiaphat.vn\/uploads\/source\/sanpham\/ke-de-lavabo\/ke-sat-my-thuat-lk-ks05.png\" alt=\"ke-sat-my-thuat-lk-ks01\" width=\"452\" height=\"452\" \/><\/p>\n<p>&nbsp;<\/p>\n<p><span style=\"color: #000000;\"><strong>Khung s\u1eaft \u0111\u1ee1 lavabo<\/strong>, ch\u1eadu r\u1eeda m\u1eb7t<\/span><\/p>\n<p><span style=\"color: #000000;\">Ch\u1ea5t li\u1ec7u s\u1eaft \u0111\u1eb7c n\u1eb7ng ch\u1eafc, v\u1eefng v\u00e0ng<\/span><\/p>\n<p><span style=\"color: #000000;\">C\u00f3 \u0111\u1ec7m cao su ch\u1ec9nh \u0111\u1ed9 cao th\u1ea5p, ch\u1ed1ng ch\u00eanh<\/span><\/p>\n<p><span style=\"color: #000000;\">Tr\u1ecdng l\u01b0\u1ee3ng kho\u1ea3ng: 5-6 (kg)\/chi\u1ebfc<\/span><\/p>\n<p><span style=\"color: #000000;\">K\u00edch khung ch\u00e2n s\u1eaft (cm): \u00d833.5 x H72<\/span><\/p>\n<p><span style=\"color: #000000;\">K\u00edch th\u01b0\u1edbc:740x600x420mm(g\u1ed3m 2 m\u1eb7t \u0111\u00e1)<\/span><\/p>\n<p><span style=\"color: #000000;\">M\u1eb7t \u0111\u00e1:620x440mm(Tr\u1eafng v\u00e0 \u0111en)<\/span><\/p>\n<p><span style=\"color: #000000;\">\u0110\u01b0\u1ee3c \u0111\u1eb7t h\u00e0ng theo ti\u00eau chu\u1ea9n\u00a0<strong>EVEREST\u00ae<\/strong><\/span><\/p>\n<p><span style=\"color: #000000;\"><strong>S\u1ea3n xu\u1ea5t Vi\u1ec7t Nam.<\/strong><\/span><\/p>\n<p><span style=\"color: #000000;\"><strong>B\u1ea3o H\u00e0nh:5 n\u0103m.<\/strong><\/span><\/p>\n<p><span style=\"color: #000000;\">K\u00eat h\u1ee3p M\u1eb7t \u0111\u00e1 v\u00e0 g\u1ed7 c\u00f3 th\u1ec3 c\u00f3 s\u1ef1 l\u1ef1a ch\u1ecdn nhi\u1ec1u t\u00f4ng m\u00e0u kh\u00e1c nhau, t\u00f9y t\u00f4ng m\u00e0u n\u1ed9i th\u1ea5t c\u1ee7a gian ph\u00f2ng, c\u00f4ng tr\u00ecnh.Ph\u00f9 h\u1ee3p v\u1edbi c\u00e1c c\u00f4ng tr\u00ecnh d\u00e9cor ki\u1ebfn tr\u00fac m\u1ef9 thu\u1eadt t\u00f4ng c\u1ed5 \u0111i\u1ec3n ho\u1eb7c \u0111\u01b0\u01a1ng \u0111\u1ea1i.<\/span><\/p>\n<p><span style=\"color: #000000;\">Ch\u00e2n s\u1eaft m\u1ef9 thu\u1eadt\u00a0<strong>EVEREST\u00ae<\/strong>\u00a0\u0111\u01b0\u1ee3cho\u00e0n thi\u1ec7n b\u1eb1ng ch\u1ea5t li\u1ec7u kim lo\u1ea1i s\u1eaft \u0111\u1eb7c c\u00f3 ch\u1ea5t l\u01b0\u1ee3ng d\u00e0y n\u1eb7ng, v\u1eefng ch\u1eafc. Thi\u1ebft b\u1ecb c\u00f3 t\u00ednh linh ho\u1ea1t \u0111\u1eb7t \u0111\u01b0\u1ee3c \u1edf nhi\u1ec1u v\u1ecb tr\u00ed sao cho ph\u00f9 h\u1ee3p, \u0111a n\u0103ng t\u01b0\u01a1ng th\u00edch v\u1edbi m\u1ed9t s\u1ed1 ch\u1eadu r\u1eeda c\u00f3 \u0111\u00e1y tr\u00f2n v\u00e0\u00a0c\u00f3 th\u1ec3 t\u00f9y ch\u1ec9nh k\u00edch th\u01b0\u1edbc theo y\u00eau c\u1ea7u, s\u1ea3n xu\u1ea5t theo \u0111\u01a1n \u0111\u1eb7t h\u00e0ng.<\/span><img loading=\"lazy\" decoding=\"async\" src=\"https:\/\/thanhgiaphat.vn\/uploads\/source\/z2064454440407-b905e08ea545e757d357613e5025146b.jpg\" alt=\"\" width=\"890\" height=\"1187\" \/><\/p>\n<p><span style=\"color: #000000;\">\u0110\u01b0\u1ee3c s\u1ea3n xu\u1ea5t theo ti\u00eau chu\u1ea9n c\u1ee7a<strong>\u00a0EVEREST\u00ae.<\/strong>Tr\u1ea3i qua qu\u00e1 tr\u00ecnh nung s\u00f4i n\u00f3ng ch\u1ea3y\u00a0kim lo\u1ea1i s\u1eaft\u00a0\u1edf nhi\u1ec7t \u0111\u1ed9 2862\u00b0C v\u00e0\u00a0r\u00f3t v\u00e0o khu\u00f4n \u0111\u00fac t\u1ea1o ra h\u00ecnh d\u1ea1ng cho nguy\u00ean v\u1eadt li\u1ec7u. \u0110\u1ebfn \u0111\u00e2y, \u0111\u1ec3 l\u00e0m ra chi\u1ebfc khung s\u1eaft \u0111\u1ee1 lavabo ph\u1ea3i ti\u1ebfp t\u1ee5c th\u00f4ng qua c\u00f4ng \u0111o\u1ea1n h\u00e0n s\u1eaft t\u1ec9 m\u1ec9 t\u1eeb nh\u1eefng\u00a0ng\u01b0\u1eddi th\u1ee3 c\u00f3 tay ngh\u1ec1 cao v\u00e0\u00a0h\u00e0ng ng\u00e0n thao t\u00e1c m\u00e0i, d\u0169a, ph\u1ee7 s\u01a1n \u0111\u1ed3ng \u0111en \u0111\u1ec3 ho\u00e0n thi\u1ec7n, gi\u1eef l\u1ea1i v\u1ebb \u0111\u1eb9p m\u1ef9 thu\u1eadt th\u1ee7 c\u00f4ng m\u1ed9c m\u1ea1c.<\/span><\/p>\n<p><span style=\"color: #000000;\">Ch\u00fang t\u00f4i cam k\u1ebft mang \u0111\u1ebfn gi\u00e1 tr\u1ecb t\u1ed1t\u00a0 nh\u1ea5t t\u1eeb c\u00e1c\u00a0<strong>thi\u1ec7t b\u1ecb v\u1ec7 sinh<\/strong>\u00a0\u0111\u1ebfn\u00a0<strong>n\u1ed9i th\u1ea5t ph\u00f2ng t\u1eafm<\/strong>\u00a0cho kh\u00e1ch h\u00e0n<\/span><\/p>\n<p><span style=\"color: #000000;\"><em><strong>C\u1eecA H\u00c0NG NGUY\u00caN PH\u00c1T HOME<\/strong><\/em><\/span><\/p>\n<p><span style=\"color: #000000;\">\u0110\u1ecba ch\u1ec9 : H\u1ebbm 216\/3 L\u00ea V\u0103n Qu\u1edbi, p. BHH A, Q. B\u00ecnh T\u00e2n<\/span><\/p>\n<p><span style=\"color: #000000;\">S\u0110T: 0938.028.468<\/span><\/p>\n<p><span style=\"color: #000000;\">website :\u00a0<a style=\"color: #000000;\" href=\"https:\/\/muanhanhthietbivesinh.vn\/?product=lavabo-su-dat-ban-eve-l6024\">muanhanhthietbivesinh.vn<\/a><\/span><\/p>\n<p><span style=\"color: #000000;\">Email : nguyenphathome@gmail.com<\/span><\/p>\n<p>&nbsp;<\/p>\n","protected":false},"excerpt":{"rendered":"<h3><span style=\"color: #ed1c24;\"><strong>M\u00f4 t\u1ea3 s\u1ea3n ph\u1ea9m<\/strong><\/span><\/h3>\n<p><span style=\"color: #000000;\"><strong>Khung s\u1eaft \u0111\u1ee1 lavabo<\/strong>, ch\u1eadu r\u1eeda m\u1eb7t<\/span><\/p>\n<p><span style=\"color: #000000;\">Ch\u1ea5t li\u1ec7u s\u1eaft \u0111\u1eb7c n\u1eb7ng ch\u1eafc, v\u1eefng v\u00e0ng<\/span><\/p>\n<p><span style=\"color: #000000;\">C\u00f3 \u0111\u1ec7m cao su ch\u1ec9nh \u0111\u1ed9 cao th\u1ea5p, ch\u1ed1ng ch\u00eanh<\/span><\/p>\n<p><span style=\"color: #000000;\">Tr\u1ecdng l\u01b0\u1ee3ng kho\u1ea3ng: <strong>5-6 (kg)\/chi\u1ebfc<\/strong><\/span><\/p>\n<p><span style=\"color: #000000;\">K\u00edch khung ch\u00e2n s\u1eaft (cm): <strong>\u00d833.5 x H72<\/strong><\/span><\/p>\n<p><span style=\"color: #000000;\">K\u00edch th\u01b0\u1edbc:<strong>740x600x420mm(g\u1ed3m 2 m\u1eb7t \u0111\u00e1)<\/strong><\/span><\/p>\n<p><span style=\"color: #000000;\">M\u1eb7t \u0111\u00e1:<strong>620x440mm(Tr\u1eafng v\u00e0 \u0111en)<\/strong><\/span><\/p>\n<p><span style=\"color: #000000;\">\u0110\u01b0\u1ee3c \u0111\u1eb7t h\u00e0ng theo ti\u00eau chu\u1ea9n\u00a0<strong>EVEREST\u00ae<\/strong><\/span><\/p>\n<p><span style=\"color: #000000;\"><strong>S\u1ea3n xu\u1ea5t Vi\u1ec7t Nam.<\/strong><\/span><\/p>\n<p><span style=\"color: #000000;\"><strong>B\u1ea3o H\u00e0nh:5 n\u0103m.<\/strong><\/span><\/p>\n","protected":false},"featured_media":3036,"comment_status":"open","ping_status":"closed","template":"","meta":[],"product_cat":[186],"product_tag":[218,219,222,220,83,211],"_links":{"self":[{"href":"https:\/\/muanhanhthietbivesinh.vn\/index.php?rest_route=\/wp\/v2\/product\/3035"}],"collection":[{"href":"https:\/\/muanhanhthietbivesinh.vn\/index.php?rest_route=\/wp\/v2\/product"}],"about":[{"href":"https:\/\/muanhanhthietbivesinh.vn\/index.php?rest_route=\/wp\/v2\/types\/product"}],"replies":[{"embeddable":true,"href":"https:\/\/muanhanhthietbivesinh.vn\/index.php?rest_route=%2Fwp%2Fv2%2Fcomments&post=3035"}],"wp:featuredmedia":[{"embeddable":true,"href":"https:\/\/muanhanhthietbivesinh.vn\/index.php?rest_route=\/wp\/v2\/media\/3036"}],"wp:attachment":[{"href":"https:\/\/muanhanhthietbivesinh.vn\/index.php?rest_route=%2Fwp%2Fv2%2Fmedia&parent=3035"}],"wp:term":[{"taxonomy":"product_cat","embeddable":true,"href":"https:\/\/muanhanhthietbivesinh.vn\/index.php?rest_route=%2Fwp%2Fv2%2Fproduct_cat&post=3035"},{"taxonomy":"product_tag","embeddable":true,"href":"https:\/\/muanhanhthietbivesinh.vn\/index.php?rest_route=%2Fwp%2Fv2%2Fproduct_tag&post=3035"}],"curies":[{"name":"wp","href":"https:\/\/api.w.org\/{rel}","templated":true}]}}