{"id":3000,"date":"2022-09-16T00:15:37","date_gmt":"2022-09-15T17:15:37","guid":{"rendered":"https:\/\/muanhanhthietbivesinh.vn\/?post_type=product&#038;p=3000"},"modified":"2022-09-16T00:15:37","modified_gmt":"2022-09-15T17:15:37","slug":"chau-lavabo-su-dat-ban-eve-l6021","status":"publish","type":"product","link":"https:\/\/muanhanhthietbivesinh.vn\/?product=chau-lavabo-su-dat-ban-eve-l6021","title":{"rendered":"Ch\u1eadu Lavabo S\u1ee9 \u0110\u1eb7t B\u00e0n EVE-L6021"},"content":{"rendered":"<p style=\"text-align: center;\"><span style=\"font-size: 150%;\"><strong>Ch\u1eadu Lavabo S\u1ee9 \u0110\u1eb7t B\u00e0n EVE-L6021<\/strong><\/span><\/p>\n<p>Tr\u00ean th\u1ecb tr\u01b0\u1eddng hi\u1ec7n nay c\u00f3 r\u1ea5t nhi\u1ec1u \u0111\u01a1n v\u1ecb cung c\u1ea5p nh\u1eefng thi\u1ebft b\u1ecb v\u1ec7 sinh. Nh\u01b0ng \u0111\u1ec3 t\u00ecm m\u1ed9t \u0111\u01a1n v\u1ecb cung c\u1ea5p s\u1ea3n ph\u1ea9m uy t\u00edn, ch\u1ea5t l\u01b0\u1ee3ng kh\u00f4ng ph\u1ea3i \u0111i\u1ec1u d\u1ec5 d\u00e0ng.\u00a0<strong>Ch\u1eadu s\u1ee9 cao c\u1ea5p<\/strong>\u00a0Everest l\u00e0 m\u1ed9t s\u1ea3n ph\u1ea9m \u0111\u1ebfn t\u1eeb nh\u00e0 cung c\u1ea5p uy t\u00edn. T\u1ea5t c\u1ea3 nh\u1eefng thi\u1ebft b\u1ecb \u0111\u1ebfn t\u1eeb nh\u00e0 ph\u00e2n ph\u1ed1i Everest \u0111\u1ec1u l\u00e0 nh\u1eefng s\u1ea3n ph\u1ea9m uy t\u00edn v\u00e0 ch\u1ea5t l\u01b0\u1ee3ng. N\u1ebfu b\u1ea1n mu\u1ed1n bi\u1ebft th\u00eam th\u00f4ng tin chi ti\u1ebft v\u1ec1 nh\u00e0 s\u1ea3n xu\u1ea5t Everest. H\u00e3y c\u00f9ng <a href=\"https:\/\/muanhanhthietbivesinh.vn\/?product=lavabo-rua-mat-su-trang-eve-l6020\"><span style=\"color: #0000ff;\"><strong>Nguy\u00ean Ph\u00e1t Home<\/strong><\/span><\/a> \u0111i t\u00ecm hi\u1ec3u v\u1ea5n \u0111\u1ec1 n\u00e0y nh\u00e9.<\/p>\n<h2><strong>\u0110\u00f4i n\u00e9t v\u1ec1 thi\u1ebft b\u1ecb v\u1ec7 sinh \u0111\u1ebfn t\u1eeb Everest\u00a0<\/strong><\/h2>\n<p>Everest l\u00e0 \u0111\u01a1n v\u1ecb chuy\u00ean cung c\u1ea5p nh\u1eefng s\u1ea3n ph\u1ea9m ch\u1ea5t l\u01b0\u1ee3ng c\u00f3 th\u00e2m ni\u00ean l\u00e2u n\u0103m. T\u1ea5t c\u1ea3 c\u00e1c s\u1ea3n ph\u1ea9m c\u1ee7a Everest \u0111\u1ec1u l\u00e0 s\u1ea3n ph\u1ea9m ch\u00ednh h\u00e3ng. H\u01a1n n\u1eefa khi mua c\u00e1c s\u1ea3n ph\u1ea9m c\u1ee7a Everest b\u1ea1n s\u1ebd nh\u1eadn \u0111\u01b0\u1ee3c gi\u1ea5y ch\u1ee9ng nh\u1eadn v\u00e0 phi\u1ebfu b\u1ea3o h\u00e0nh \u0111\u1ea7y \u0111\u1ee7. \u0110\u00e2y l\u00e0 m\u1ed9t th\u01b0\u01a1ng hi\u1ec7u \u0111\u00e1ng tin c\u1eady \u0111\u1ec3 b\u1ea1n l\u1ef1a ch\u1ecdn mua nh\u1eefng thi\u1ebft b\u1ecb ph\u1ee5c v\u1ee5 cho c\u1ea3 gia \u0111\u00ecnh.<\/p>\n<p>Ch\u1eadu s\u1ee9 cao c\u1ea5p Everest \u0111\u01b0\u1ee3c tr\u00e1ng men m\u1ed9t l\u1edbp ph\u1ee7 nano hi\u1ec7n \u0111\u1ea1i. G\u00f3p ph\u1ea7n h\u1ea1n ch\u1ebf s\u1ef1 sinh s\u00f4i v\u00e0 ph\u00e1t tri\u1ec3n c\u1ee7a nhi\u1ec1u lo\u1ea1i vi khu\u1ea9n g\u00e2y h\u1ea1i. H\u01a1n n\u1eefa l\u1edbp ph\u1ee7 n\u00e0y l\u00e0m cho s\u1ea3n ph\u1ea9m lu\u00f4n trong t\u00ecnh tr\u1ea1ng s\u00e1ng b\u00f3ng, tinh t\u01b0\u01a1m. M\u00e0 c\u00f2n kh\u00f4ng b\u1ecb ng\u1ea3 m\u00e0u \u1ed1 v\u00e0ng trong su\u1ed1t th\u1eddi gian s\u1eed d\u1ee5ng.\u00a0c\u00f4ng ngh\u1ec7 tr\u00e1ng men \u0111\u01b0\u1eddng \u1ed1ng \u0111\u1eb7c bi\u1ec7t, m\u1eb7t trong \u0111\u01b0\u1eddng \u1ed1ng nh\u1eb5n m\u1ecbn, b\u1eb1ng ph\u1eb3ng. T\u0103ng c\u01b0\u1eddng kh\u1ea3 n\u0103ng x\u1ea3 th\u1ea3i, kh\u00f4ng b\u00e1m d\u00ednh ch\u1ea5t th\u1ea3i.<\/p>\n<p><img loading=\"lazy\" decoding=\"async\" src=\"https:\/\/thanhgiaphat.vn\/uploads\/source\/bon-cau-va-lavabo-everest\/eve-l6021.jpg\" alt=\"\" width=\"417\" height=\"495\" \/><\/p>\n<h2><strong>Ch\u1eadu s\u1ee9 cao c\u1ea5p nh\u01b0 v\u1eady th\u00ec s\u1ebd ph\u00f9 h\u1ee3p v\u1edbi phong c\u00e1ch n\u00e0o?\u00a0<\/strong><\/h2>\n<p>V\u1edbi nh\u1eefng c\u00f4ng tr\u00ecnh nh\u01b0 nh\u00e0 \u1edf hi\u1ec7n \u0111\u1ea1i, kh\u00e1ch s\u1ea1n, khu ngh\u1ec9 d\u01b0\u1ee1ng hay resort s\u1ebd r\u1ea5t ph\u00f9 h\u1ee3p v\u1edbi ki\u1ec3u d\u00e1ng v\u00e0 thi\u1ebft k\u1ebf c\u1ee7a ch\u1eadu s\u1ee9. N\u1ebfu mu\u1ed1n t\u0103ng th\u00eam s\u1ef1 sang tr\u1ecdng, \u0111\u1eb3ng c\u1ea5p c\u1ee7a ng\u01b0\u1eddi s\u1eed d\u1ee5ng. Hay \u0111\u01a1n gi\u1ea3n ch\u1ec9 mu\u1ed1n ch\u1ecdn mua m\u1ed9t s\u1ea3n ph\u1ea9m uy t\u00edn ch\u1ea5t l\u01b0\u1ee3ng. Th\u00ec ch\u1eadu s\u1ee9 Everest l\u00e0 m\u1ed9t l\u1ef1a ch\u1ecdn \u0111\u00e1ng \u0111\u1ec3 b\u1ea1n suy ngh\u0129, tham kh\u1ea3o.<\/p>\n<p>Khi l\u1eafp \u0111\u1eb7t nh\u1eefng s\u1ea3n ph\u1ea9m\u00a0 Everest \u0111\u1ebfn t\u1eeb nh\u00e0 ph\u00e2n ph\u1ed1i<a href=\"http:\/\/muanhanhthietbivesinh.vn\">\u00a0<strong>Nguy\u00ean Ph\u00e1t Home<\/strong><\/a>. C\u0103n nh\u00e0 c\u1ee7a b\u1ea1n s\u1ebd tr\u1edf n\u00ean \u0111\u1eb9p \u0111\u1ebd h\u01a1n, sang tr\u1ecdng h\u01a1n. M\u00e0 c\u00f2n y\u00ean t\u00e2m v\u1ec1 ch\u1ea5t l\u01b0\u1ee3ng s\u1ea3n ph\u1ea9m, an to\u00e0n, ti\u1ec7n l\u1ee3i. Gi\u1edd \u0111\u00e2y n\u00e9t \u0111\u1eb9p sang tr\u1ecdng, \u0111\u01b0\u1eddng n\u00e9t tinh t\u1ebf \u0111\u00e3 v\u00e0 \u0111ang hi\u1ec7n ra tr\u01b0\u1edbc m\u1eaft b\u1ea1n.<\/p>\n<h2><strong>C\u00e1c s\u1ea3n ph\u1ea9m ch\u1eadu s\u1ee9 Everest c\u00f3 ph\u00f9 h\u1ee3p v\u1edbi phong c\u00e1ch hi\u1ec7n nay hay kh\u00f4ng?<\/strong><\/h2>\n<p>Ch\u1eafc h\u1eb3n c\u00e1c b\u1ea1n c\u00f3 th\u1ec3 th\u1ea5y nhi\u1ec1u gia \u0111\u00ecnh hi\u1ec7n nay r\u1ea5t ch\u00fa tr\u1ecdng v\u1ec1 n\u1ed9i th\u1ea5t hay thi\u1ebft b\u1ecb v\u1ec7 sinh trong nh\u00e0. N\u00f3 th\u1ec3 hi\u1ec7n m\u1ed9t ph\u1ea7n phong c\u00e1ch th\u1ea9m m\u0129 c\u1ee7a gia ch\u1ee7. V\u00e0 c\u0169ng l\u00e0 ph\u01b0\u01a1ng ti\u1ec7n gi\u00e1n ti\u1ebfp \u0111\u1ec3 m\u1ecdi ng\u01b0\u1eddi \u0111\u00e1nh gi\u00e1 gia ch\u1ee7 l\u00e0 ng\u01b0\u1eddi nh\u01b0 th\u1ebf n\u00e0o. N\u00ean vi\u1ec7c ch\u1ecdn l\u1ef1a nh\u1eefng s\u1ea3n ph\u1ea9m ch\u1ea5t l\u01b0\u1ee3ng nh\u01b0 ch\u1eadu s\u1ee9 Everest l\u00e0 m\u1ed9t nhu c\u1ea7u b\u1ee9c thi\u1ebft. \u0110\u1ec3 l\u00e0m n\u1ed5i b\u1eadt l\u00ean n\u00e9t \u0111\u1eb9p sang tr\u1ecdng c\u1ee7a nh\u00e0 t\u1eafm, t\u1ea1o ra s\u1ef1 tinh t\u1ebf nh\u01b0ng nh\u1eb9 nh\u00e0ng l\u1ecbch l\u00e3m.<\/p>\n","protected":false},"excerpt":{"rendered":"<h3><strong><span style=\"color: #ff0000;\">M\u00f4 t\u1ea3 s\u1ea3n ph\u1ea9m<\/span><\/strong><\/h3>\n<p>Th\u01b0\u01a1ng hi\u1ec7u: <strong>EVEREST<\/strong><\/p>\n<p>M\u00e3: <strong>EVE-L6016<\/strong><\/p>\n<p>Lo\u1ea1i: Lavabo \u0111\u1eb7t b\u00e0n<\/p>\n<p>K\u00edch th\u01b0\u1edbc: <strong>560 x 450 x 150 mm<\/strong><\/p>\n<p>Ch\u1ea5t li\u1ec7u: S\u1ee9 tr\u1eafng cao c\u1ea5p v\u1edbi l\u1edbp men d\u00e0y d\u1eb7n, s\u00e1ng b\u00f3ng, h\u1ea1n ch\u1ebf t\u1ed1i \u0111a b\u00e1m b\u1ea9n<\/p>\n<p><strong>B\u1ea3o h\u00e0nh: L\u1edbp men 20 n\u0103m<\/strong><\/p>\n","protected":false},"featured_media":2995,"comment_status":"open","ping_status":"closed","template":"","meta":[],"product_cat":[194],"product_tag":[214,211,103,212,216,213],"_links":{"self":[{"href":"https:\/\/muanhanhthietbivesinh.vn\/index.php?rest_route=\/wp\/v2\/product\/3000"}],"collection":[{"href":"https:\/\/muanhanhthietbivesinh.vn\/index.php?rest_route=\/wp\/v2\/product"}],"about":[{"href":"https:\/\/muanhanhthietbivesinh.vn\/index.php?rest_route=\/wp\/v2\/types\/product"}],"replies":[{"embeddable":true,"href":"https:\/\/muanhanhthietbivesinh.vn\/index.php?rest_route=%2Fwp%2Fv2%2Fcomments&post=3000"}],"wp:featuredmedia":[{"embeddable":true,"href":"https:\/\/muanhanhthietbivesinh.vn\/index.php?rest_route=\/wp\/v2\/media\/2995"}],"wp:attachment":[{"href":"https:\/\/muanhanhthietbivesinh.vn\/index.php?rest_route=%2Fwp%2Fv2%2Fmedia&parent=3000"}],"wp:term":[{"taxonomy":"product_cat","embeddable":true,"href":"https:\/\/muanhanhthietbivesinh.vn\/index.php?rest_route=%2Fwp%2Fv2%2Fproduct_cat&post=3000"},{"taxonomy":"product_tag","embeddable":true,"href":"https:\/\/muanhanhthietbivesinh.vn\/index.php?rest_route=%2Fwp%2Fv2%2Fproduct_tag&post=3000"}],"curies":[{"name":"wp","href":"https:\/\/api.w.org\/{rel}","templated":true}]}}